3
Let j be 253/(-33) - 2/(-3). List the prime factors of 2/j - (-3297)/49.
67
Let t(a) = -13*a - 1. Let g be t(3). Let j = -149 + 86. Let r = g - j. What are the prime factors of r?
23
Let v(p) = 8*p + 5. Let k(t) = 89*t - 49*t - 41*t + 28 + 20*t**2 - t**3. Let f be k(20). What are the prime factors of v(f)?
3, 23
Suppose -553 = 10*k - 34613. List the prime factors of k.
2, 13, 131
Suppose -z + 653 = 2*t + 4*z, 0 = t - 4*z - 359. Suppose -6*i + t = -303. What are the prime factors of i?
107
Suppose 18*u = 14*u. Suppose 5*p - 49 = -h, u*h = h + 3*p - 45. List the prime factors of h.
3, 13
Let o = 57 - 35. What are the prime factors of o/(-4)*(-37 - -5)?
2, 11
Suppose 3*w = 6*w - 51. Let y = w - 9. List the prime factors of ((-2)/4)/((-1)/y).
2
Let o(b) = -b**3 + 2*b**2 + 4*b. Let d be o(3). Suppose t = 5*w - 108, 2*w - d*t = -t + 40. List the prime factors of w.
2, 11
Suppose -4*c - 5*p + 0*p + 92 = 0, -p = -4. What are the prime factors of c?
2, 3
Suppose -4*s = -5*d + 15132, 2*d - 2*s - 6033 = -7*s. List the prime factors of d.
2, 3, 7
Suppose 0*l - 28 = -2*l. Let c(n) = -n**3 + 13*n**2 + 15*n - 10. Let k be c(l). List the prime factors of (-12)/k - -4 - -48.
7
Let l = 26 - 22. Let k(m) = m**3 - 4*m**2 + m - 1. Let i be k(l). Suppose -118 = i*f - 5*f. What are the prime factors of f?
59
Let u be 0*(-2 - (-25)/10). Suppose u = -5*w + 6*w - 104. List the prime factors of w.
2, 13
Let i be 0*(5*1/(-3) - -2). List the prime factors of i + 75 + (4 - 2).
7, 11
Let a be (2 + 0)*(-21)/(-3). Let u(c) = c - 35. Let g(y) = 4*y - 141. Let w(b) = 2*g(b) - 9*u(b). List the prime factors of w(a).
19
Suppose -7721 = -10*p + 8879. List the prime factors of p.
2, 5, 83
Let w = 9 + -11. Let a = 10 - w. Suppose 0 = 3*v - 2*v - a. List the prime factors of v.
2, 3
Let v = -7 - -6. Let s(x) = 2*x - 5. Let w(c) = -1. Let p(b) = v*s(b) + 4*w(b). List the prime factors of p(-8).
17
Let z(x) = -x + 22. Let l be 0/(4/4 - 3). Let o be z(l). Suppose -2*c = -3*c + o. List the prime factors of c.
2, 11
What are the prime factors of (21/((-63)/6))/((-3)/1506)?
2, 251
Let v = -31 + 119. List the prime factors of v.
2, 11
List the prime factors of (6276/(-14))/1*(-35)/10.
3, 523
Let v = 9 + -15. Let u(d) be the third derivative of d**6/120 + d**5/10 - d**4/24 + 5*d**3/6 + 5*d**2. What are the prime factors of u(v)?
11
Suppose -14*m + 4108 = -218. List the prime factors of m.
3, 103
Let a(i) be the first derivative of -8/3*i**3 - 2*i**2 - i + 6 + 1/4*i**4. List the prime factors of a(9).
2, 11
Suppose -q - 1707 = -4*q + 4*m, 2280 = 4*q - 4*m. List the prime factors of q.
3, 191
Let y be -12 - (6/(-2) + 1). Let z be (1 + 2)/((-1)/y). Suppose -4*g + 18 = -z. List the prime factors of g.
2, 3
List the prime factors of 19 - (10 + -3 - (5 + 0)).
17
Let x(y) = 4*y**2 + 7*y + 3. Let q be x(-2). Suppose 0 = 3*i - q*i + 318. What are the prime factors of i?
3, 53
Let f(y) = 2 - 4*y**2 + 3*y**2 + 1 - 14*y. Suppose -4*x - 57 = 5*a, -5*a + 21 = -4*x - 26. List the prime factors of f(x).
2
Suppose -j = 5*j - 12. List the prime factors of (-4)/j - 3/(18/(-408)).
2, 3, 11
Let k(q) = q**2 - 21*q + 44. Let r be k(19). Suppose -2*z - 3*i + 170 = 0, 0 = -3*z + r*z - i - 266. What are the prime factors of z?
2, 11
What are the prime factors of (3/(-6))/((-3)/1422)?
3, 79
Let t(k) = -4*k - 9. Let m be t(-15). Let b = -10 + m. What are the prime factors of b?
41
Let j = 2 + 22. Let t be ((-6)/(-9))/(2/j). List the prime factors of (-2)/t + 33/4.
2
Let m(x) = 33*x**2 - 8*x**2 + 76*x**2 + x - 1. What are the prime factors of m(1)?
101
Let x(j) be the third derivative of j**6/120 + j**5/20 - 5*j**4/24 - j**3/6 - 3*j**2. Let m be x(-4). Suppose 0*g + 30 = m*g. What are the prime factors of g?
2, 5
Suppose 4*u + 0*u = f + 10, -5*u + 5 = 0. List the prime factors of (-295)/(f + 1) + 3 + -1.
61
Let c be (4/7)/((-6)/(-21)). Let d(j) = -3*j**3 - 3*j**2 - 3*j - 3. Let b be d(-2). Suppose -k = -c*k + b. List the prime factors of k.
3, 5
Let f = -553 - -305. Let b = f - -393. List the prime factors of b.
5, 29
Suppose -5*n + 2*n + 4*m = -13510, -3*n = 2*m - 13540. What are the prime factors of n?
2, 5, 11, 41
Let f(p) be the third derivative of p**5/15 - p**4/12 + 5*p**3/3 - 3*p**2. Let q(i) be the first derivative of f(i). List the prime factors of q(7).
2, 3
Suppose -4*l + 8*l = -48. Let o = -8 - l. Suppose -o*x + 59 = g - 51, 0 = g - 2. List the prime factors of x.
3
Let h = -60 - -40. Let f(j) = -j**2 - 21*j - 12. List the prime factors of f(h).
2
Let b = 319 + -251. What are the prime factors of b?
2, 17
Let b(l) = -l**3 + 5*l**2 + 2*l + 1. Let p be b(5). Suppose 187 = 8*j + p. List the prime factors of j.
2, 11
Let u(r) be the third derivative of -7*r**6/12 + r**5/60 + r**4/12 + r**3/6 - 15*r**2. What are the prime factors of u(-1)?
2, 5, 7
Let s be 7/((-28)/(-512))*(-6)/(-12). Suppose a = -28 + s. List the prime factors of a.
2, 3
Let b = -1904 - -3058. List the prime factors of b.
2, 577
Let o(u) = 2*u**2 - 13. Let p = -39 + 43. What are the prime factors of o(p)?
19
What are the prime factors of (392 - 3 - (0 + -1)) + 2?
2, 7
Let x(l) = 1 - 4*l - 3 + 4 - 4 + 2*l**2. Let j(d) = -2*d**2 + 11*d + 1. Let i be j(5). What are the prime factors of x(i)?
2, 23
What are the prime factors of (-11 - 0)/((-25)/1250)?
2, 5, 11
Suppose -8*m = -64*m + 102648. List the prime factors of m.
3, 13, 47
Let q be (8/6)/((-6)/432). Let j = q - -155. What are the prime factors of j?
59
Let k be (-8)/14*1 + (-16842)/(-147). Let y = k - 62. List the prime factors of y.
2, 13
Suppose -f = -2*k - 2107, -5*k - 6317 = 14*f - 17*f. List the prime factors of f.
2099
Let x = 14 - 4. Suppose -5*i + 10 = -x. List the prime factors of i.
2
Let p(a) = a**3 - 3*a**2 - 4. Let g = 22 + -17. Let d be 7 - g*(-4)/(-10). What are the prime factors of p(d)?
2, 23
Suppose 6 - 46 = -4*n. Suppose -79 = -3*z - n. What are the prime factors of z?
23
Let m = -25 + 30. Suppose m*q = -0*q - 20. Let v = 1 - q. What are the prime factors of v?
5
Let f = 30 - 34. Let o be -1 + (3 + f)*-2. List the prime factors of (o/2)/((-1)/(-72)).
2, 3
Let a(q) = -105*q + 29. What are the prime factors of a(-5)?
2, 277
Suppose 26*x = 21*x + 15. Let i = 88 - x. What are the prime factors of i?
5, 17
Suppose -4*h - 2*y + 6878 = -0*y, -4*y + 6884 = 4*h. What are the prime factors of h?
2, 859
What are the prime factors of (-2 - 0) + 1191 + (-15 - -11)?
3, 5, 79
Let q(g) = g**3 + 23*g**2 + g - 164. List the prime factors of q(-15).
1621
Suppose q - 61 = 354. List the prime factors of q.
5, 83
Let n(u) be the third derivative of 7*u**4/4 + 4*u**3/3 - 9*u**2. What are the prime factors of n(2)?
2, 23
Suppose 389 + 3481 = 9*x. Suppose 0 = -3*c + 5*h - 4*h + x, -1 = h. List the prime factors of c.
11, 13
Let t be 2/8 - (-2150)/8. Suppose -4*v + 259 = -t. Suppose 4*o - v - 24 = 0. List the prime factors of o.
3, 13
Let c be (4/5)/((-2)/(-15)). Suppose -4*q + 4*p = -8, 5*q - c*p + 3*p - 2 = 0. What are the prime factors of -78*(3/2 + q)?
3, 13
Suppose 0 = f + 1 - 4. Suppose 3*r + r - 131 = -y, -f*r = -4*y + 619. Suppose -4*a + y = -37. List the prime factors of a.
47
Suppose -5*t - r = -1046, -4*r + 704 + 330 = 5*t. Suppose -18*y + 25*y - t = 0. What are the prime factors of y?
2, 3, 5
Suppose 4 = 5*b - 1. Let f be 13 + 2/(-2)*b. List the prime factors of f - ((1 - -1) + -2).
2, 3
Let l = 155 + 79. What are the prime factors of l?
2, 3, 13
Suppose 5*i = -d + 9, -2*d + 6*d = -2*i - 36. What are the prime factors of (2/(-1))/(d/385)?
2, 5, 7
Let t(v) = 4 + 3*v - v + v - 2*v. Let f be t(0). Suppose 4*d + 138 = f*b - 54, 106 = 2*b - 4*d. What are the prime factors of b?
43
Let i(a) = -2*a**3 - 6*a - 67. List the prime factors of i(-13).
5, 881
Let w be (10 + 2)*(-20)/12. Let h = -18 - w. What are the prime factors of h?
2
Let w(k) be the first derivative of k**4/4 - 4*k**3/3 - 3*k**2/2 + 9*k - 5. List the prime factors of w(5).
19
Suppose -5*b + 37 = -4*a, -15 = -4*b - 2*a - 1. Let o(x) = b*x - 28 + 6*x**2 + 24 - 2*x**2. List the prime factors of o(3).
47
Let l = -103 + 185. Suppose 5*z = 3*j + 13, 5*j = 1 - 6. Suppose 2*t - z*s - l = 0, -t + 11 = 3*s - 34. What are the prime factors of t?
2, 3, 7
Suppose 3*d = -2*d + 15. Suppose 1 = f, -d*u - 17 = u - f. List the prime factors 